ose 3*j - 2*j = -4. Let u(g) = 2*g**2 + 2*g + 9. What is the remainder when u(j) is divided by 17?
16
Let l = -371 - -384. Suppose 5*u - 5*s = -s + 197, -5*u - 3*s = -176. What is the remainder when u is divided by l?
11
Suppose 3*l = 2*m - l - 38, 0 = -m + 3*l + 23. What is the remainder when 43 is divided by m?
10
Suppose x + 3*v = 2*x - 16, -2*v + 26 = 3*x. Let f(j) = 3*j**2 - 4*j + 4. Calculate the remainder when f(3) is divided by x.
9
Let q be 2*34*(-1)/(-4). Suppose -16 = -3*z - 2*x, -x + q = z + 2*x. Suppose z = -3*l + 56. Calculate the remainder when 52 is divided by l.
16
Suppose -3*d = 4*v - 61, -3*v = 2*d - 25 - 16. Calculate the remainder when d is divided by 7.
5
Suppose x - 34 + 2 = 0. What is the remainder when x is divided by 11?
10
Suppose 4 = 4*p - 24. Let h = -28 + 41. Let n = h + 0. Calculate the remainder when n is divided by p.
6
Let j(i) = -11*i**2 - 12*i + 10. Let h(k) = 5*k**2 + 6*k - 5. Let c(n) = 7*h(n) + 3*j(n). What is the remainder when c(-7) is divided by 13?
12
Let b(f) = 13*f**3 - f**2 - f + 1. Let a = 69 + 6. Let p = -41 + a. What is the remainder when p is divided by b(1)?
10
Suppose 5*d = 17 + 8. Suppose 0 = 2*n - 8 - 0. Suppose 10 + 11 = n*r + 3*q, -q = 5. Calculate the remainder when r is divided by d.
4
Let s(r) = r**2 - 8*r + 12. Calculate the remainder when s(7) is divided by 1.
0
Let z = 48 - 39. What is the remainder when z is divided by 5?
4
Let u = 271 + -121. What is the remainder when u is divided by 17?
14
Let x = 62 + -41. What is the remainder when x is divided by 12?
9
Suppose 4*m = -2*n + 24, 2*n + n + 4*m - 30 = 0. Suppose s = -s + 30. What is the remainder when s is divided by n?
3
Let h be 18/99 + 1426/22. Suppose d - 5*y = h, -3*d - 2*y = 2*y - 119. Suppose -4*w + 24 = -2*w. Calculate the remainder when d is divided by w.
9
Let m = 99 - 38. Suppose 3*t + 2*n + 0*n - 47 = 0, 5*t - m = n. What is the remainder when 25 is divided by t?
12
Let m = -2 - 9. Let d = -8 - m. Suppose 0 = c + 4*t - 25, d*t - 22 = -0*c - c. Calculate the remainder when 49 is divided by c.
10
Let d = -6 + 7. What is the remainder when d - 1/(3/(-114)) is divided by 8?
7
What is the remainder when 58 is divided by 45*-5*1/(-15)?
13
Suppose -3*n + 51 + 27 = 0. Calculate the remainder when 127 is divided by n.
23
Let f(w) = 57*w + 1. Let n be f(1). Suppose l - n = 117. Suppose d = 5*o - 255, -3*d + l = 4*o + 2*d. What is the remainder when o is divided by 13?
11
Let b(d) = -14*d - 96. Calculate the remainder when 6 is divided by b(-7).
0
Let q(f) = 12*f + 39. Calculate the remainder when q(3) is divided by 19.
18
Let a be (-90)/(-4)*10/15. Let q = -2 + a. Let m = q - 2. Calculate the remainder when 21 is divided by m.
10
Suppose 27 = 4*u - 25. Calculate the remainder when 140 is divided by u.
10
Suppose 0 = -4*u - 2*v - 16, 0 = -u + 4*v + 4 - 26. Let d(z) = 2*z**2 + 8*z + 8. Calculate the remainder when d(u) is divided by 11.
10
Suppose -o = 2*o + 4*r - 14, 32 = 5*o - 2*r. Suppose y + y = o. Suppose 32 = 3*x - 4*i - 66, 119 = 4*x - y*i. Calculate the remainder when x is divided by 9.
8
Let o(x) = x**2 - 3*x + 7. What is the remainder when 72 is divided by o(4)?
6
Let v = -1 + 5. Let h = -1 + -37. Let c = v - h. Calculate the remainder when c is divided by 15.
12
Let d(p) = -3*p + 1. Let t be d(2). Let j be (2/t)/((-6)/30). Suppose 2*m + 0*m - 5*r = -4, j*r - 4 = 0. Calculate the remainder when 5 is divided by m.
2
Let a(s) = -6*s - 67. Calculate the remainder when 45 is divided by a(-15).
22
Suppose 0 = b - 4*b - 3, -n + 6 = -4*b. Suppose -3*s + 4*s + 4*k - n = 0, 2*k + 4 = 0. What is the remainder when 28 is divided by s?
8
Let i(n) = n**3 + 3*n**2 + n + 3. Let q be i(-3). Suppose 2*p = q, -5*r + 110 = -p + 4*p. What is the remainder when r is divided by 6?
4
Suppose 0 = -2*h + 6*h - 92. Suppose -v + h = -4. Let k = v - 4. Calculate the remainder when k is divided by 12.
11
Let j = 5 + 8. Let p(c) = 9*c**3 + c**2 - 2*c. Let a be p(2). Suppose -2*i - i + a = 0. What is the remainder when i is divided by j?
11
Suppose -4*m = -4*l + 28, -18 = -15*l + 13*l - 2*m. Calculate the remainder when l is divided by 5.
3
Suppose 6 = 2*f - 0. Suppose 2*o = -o + f. What is the remainder when 3 is divided by o?
0
Let q = 12 + -28. What is the remainder when 37 is divided by q/24 - 82/(-6)?
11
Let g = -52 + 77. Let z = 17 + -12. Suppose 3*n - 2*i - 29 = 0, -28 = -2*n + 5*i - z. Calculate the remainder when g is divided by n.
7
Let s = 11 + -6. Suppose -2*j - j = s*m - 5, 3*m - 3*j = 3. Let d(o) = 3*o**3 - 2*o + 1. Calculate the remainder when d(m) is divided by 1.
0
Suppose -7*g + 2*g + 3*q + 110 = 0, 4*g - 115 = -3*q. Calculate the remainder when 94 is divided by g.
19
Let b(h) = h + 14. What is the remainder when 9 is divided by b(-11)?
0
Suppose -5*k + 332 = 67. Let z be (-2*1)/((-5)/10). Suppose -z*j + 8*j = 56. Calculate the remainder when k is divided by j.
11
Let y = 18 - 7. Suppose v + 90 = -4*v. What is the remainder when y is divided by (-12)/v + 16/3?
5
Let u be (28 - 2/1) + -2. Suppose -u = -2*d + d - 3*s, 4*s - 2 = 2*d. Calculate the remainder when ((-52)/6)/((-2)/6) is divided by d.
8
Let v(h) = -18*h - 5. Let r be v(-4). Suppose -2*w = 2*z - 42, 3*w - 2*z + 7*z - r = 0. Calculate the remainder when w is divided by 10.
9
Suppose -a = -5*a + 2*q - 166, -5*q = -4*a - 163. Let b = -25 - a. What is the remainder when 66 is divided by b?
15
Let w(d) = -3*d. Suppose -3*p - 6 = 3. Calculate the remainder when -1*-3*(8 + p) is divided by w(-2).
3
Suppose 5*a = 39 + 1. Let n(b) = 3*b + 7. Let c be n(6). Suppose 0 = -3*o + 41 + c. What is the remainder when o is divided by a?
6
Let w = 37 - -25. Suppose 2*a - 11 - 19 = -2*h, a - h - 19 = 0. Calculate the remainder when w is divided by a.
11
What is the remainder when 1/(-2) - (-297)/6 is divided by 17?
15
Let x(n) be the third derivative of n**4/24 - n**3/3 - 2*n**2. Calculate the remainder when 3 is divided by x(5).
0
Let u(h) = -h**2 + 22*h - 35. Calculate the remainder when u(18) is divided by 13.
11
Suppose 0 = -n - 5 - 1. Let f(r) = -r**3 - 7*r**2 - 7*r + 2. Calculate the remainder when 22 is divided by f(n).
6
Let w = 0 + 3. Suppose -2*h - 83 = 5*m + 35, m - 2*h + 26 = 0. Let r = -16 - m. What is the remainder when r is divided by w?
2
Let j(l) = -l**2 - l + 9. Let u be (-24)/10 - (-6)/(-10). What is the remainder when 1/(u/(-54)) + -2 is divided by j(0)?
7
Let z(o) = 12*o**2 - 4*o - 3. What is the remainder when z(-2) is divided by 18?
17
Let n = 25 + -10. What is the remainder when 26 is divided by n?
11
Suppose -r + 3*o + 63 = 2*r, -129 = -5*r - o. What is the remainder when 72 is divided by r?
22
Calculate the remainder when 59 is divided by (30/(-4))/(-2 - (-3)/2).
14
Suppose 0 = -2*u + 31 + 17. Suppose 2*t + 4*f = -0*t + u, -3*f = 3*t - 42. Let w(k) = 4*k**2 + 6*k + 6. What is the remainder when w(-4) is divided by t?
14
Let j(f) = -6*f + 11. Let m be j(6). Let a = -4 - m. Calculate the remainder when 81 is divided by a.
18
Let v(k) = 7*k**2 - k + 1. What is the remainder when 13 is divided by v(-1)?
4
Let b be 18/99 - 603/(-11). Let q = -32 + b. What is the remainder when q is divided by 5?
3
Suppose -83 = -5*c + 47. Let o(a) = a**3 + 7*a**2 + 9*a + 9. Calculate the remainder when c is divided by o(-5).
12
Let x be (2 - 5)/((-6)/(-20)). Let u = x + 12. Suppose -3*w - 5*a = -130, -u*w - 2*w - 4*a = -168. Calculate the remainder when w is divided by 14.
12
Let v be 0/3 - 4/(-2). What is the remainder when (-1)/((-1)/(80 + v)) is divided by 28?
26
Let q(s) = 17*s**3 + s**2 - 3*s + 2. Calculate the remainder when 33 is divided by q(1).
16
Suppose -t - 4*t = -20. Let l be (7 + 1)*2/t. Suppose h + 3*r - 10 = 3, -5*h = -l*r - 46. Calculate the remainder when 18 is divided by h.
8
Suppose -5*q - 4*k = 16, 10 = -2*k + 2. Suppose 0 = -3*h - q + 15. What is the remainder when 2 + -1 + 6 - -1 is divided by h?
3
Let f = -58 - -81. Calculate the remainder when 89 is divided by f.
20
Let q = 9 + 61. Calculate the remainder when q is divided by 18.
16
Let n(u) = -4*u - 8. Let g be n(-6). Let j = g + -9. What is the remainder when j is divided by 4?
3
What is the remainder when 23 is divided by 40/4 + -3 + 2?
5
Suppose -10*c + 44 = -8*c. What is the remainder when 84 is divided b